s the units digit of 2081?
1
What is the hundreds digit of 1226?
2
What is the tens digit of 612?
1
What is the units digit of 976?
6
What is the ten thousands digit of 19854?
1
What is the units digit of 2867?
7
What is the thousands digit of 58621?
8
What is the hundreds digit of 318?
3
What is the tens digit of 5774?
7
What is the units digit of 5484?
4
What is the hundreds digit of 73002?
0
What is the hundreds digit of 2597?
5
What is the ten thousands digit of 19459?
1
What is the thousands digit of 4224?
4
What is the hundreds digit of 453?
4
What is the thousands digit of 22256?
2
What is the thousands digit of 2854?
2
What is the units digit of 8510?
0
What is the tens digit of 1014?
1
What is the thousands digit of 2027?
2
What is the hundreds digit of 3550?
5
What is the tens digit of 7573?
7
What is the units digit of 10577?
7
What is the tens digit of 56256?
5
What is the tens digit of 90288?
8
What is the tens digit of 876?
7
What is the units digit of 495?
5
What is the ten thousands digit of 24292?
2
What is the tens digit of 1195?
9
What is the hundreds digit of 3629?
6
What is the hundreds digit of 2712?
7
What is the thousands digit of 8376?
8
What is the tens digit of 2395?
9
What is the thousands digit of 10545?
0
What is the hundreds digit of 79606?
6
What is the units digit of 18605?
5
What is the tens digit of 44923?
2
What is the units digit of 19854?
4
What is the tens digit of 2577?
7
What is the units digit of 7768?
8
What is the units digit of 920?
0
What is the tens digit of 1130?
3
What is the hundreds digit of 1466?
4
What is the hundreds digit of 56620?
6
What is the ten thousands digit of 60416?
6
What is the thousands digit of 1317?
1
What is the units digit of 5145?
5
What is the ten thousands digit of 11444?
1
What is the thousands digit of 1483?
1
What is the units digit of 4956?
6
What is the hundreds digit of 4773?
7
What is the units digit of 242?
2
What is the units digit of 36?
6
What is the units digit of 714?
4
What is the tens digit of 7052?
5
What is the tens digit of 108862?
6
What is the ten thousands digit of 11708?
1
What is the ten thousands digit of 21941?
2
What is the units digit of 29095?
5
What is the thousands digit of 8706?
8
What is the hundreds digit of 71739?
7
What is the hundreds digit of 39500?
5
What is the units digit of 1802?
2
What is the tens digit of 795?
9
What is the hundreds digit of 118018?
0
What is the hundreds digit of 8249?
2
What is the tens digit of 16910?
1
What is the tens digit of 8740?
4
What is the thousands digit of 12375?
2
What is the thousands digit of 4424?
4
What is the thousands digit of 1169?
1
What is the thousands digit of 8233?
8
What is the hundreds digit of 70996?
9
What is the tens digit of 62020?
2
What is the thousands digit of 1771?
1
What is the units digit of 207?
7
What is the thousands digit of 54944?
4
What is the tens digit of 1089?
8
What is the tens digit of 3498?
9
What is the tens digit of 1403?
0
What is the units digit of 3647?
7
What is the thousands digit of 6928?
6
What is the tens digit of 44766?
6
What is the tens digit of 184654?
5
What is the tens digit of 1138?
3
What is the units digit of 1285?
5
What is the hundreds digit of 714?
7
What is the tens digit of 5723?
2
What is the tens digit of 44207?
0
What is the thousands digit of 96073?
6
What is the units digit of 5424?
4
What is the hundreds digit of 18949?
9
What is the thousands digit of 1242?
1
What is the tens digit of 6729?
2
What is the units digit of 1087?
7
What is the units digit of 61174?
4
What is the tens digit of 17650?
5
What is the hundreds digit of 1972?
9
What is the thousands digit of 4051?
4
What is the ten thousands digit of 32019?
3
What is the units digit of 224?
4
What is the hundreds digit of 535?
5
What is the hundreds digit of 16244?
2
What is the thousands digit of 2553?
2
What is the units digit of 506?
6
What is the tens digit of 903?
0
What is the hundreds digit of 4011?
0
What is the units digit of 1369?
9
What is the thousands digit of 2433?
2
What is the tens digit of 38436?
3
What is the thousands digit of 7736?
7
What is the hundreds digit of 1584?
5
What is the units digit of 283?
3
What is the units digit of 759?
9
What is the hundreds digit of 29169?
1
What is the hundreds digit of 68430?
4
What is the hundreds digit of 4157?
1
What is the hundreds digit of 5595?
5
What is the units digit of 48360?
0
What is the thousands digit of 22738?
2
What is the units digit of 26826?
6
What is the ten thousands digit of 21415?
2
What is the tens digit of 1070?
7
What is the units digit of 55756?
6
What is the units digit of 959?
9
What is the tens digit of 208?
0
What is the tens digit of 4948?
4
What is the tens digit of 1219?
1
What is the tens digit of 1906?
0
What is the thousands digit of 42321?
2
What is the units digit of 1544?
4
What is the tens digit of 11672?
7
What is the units digit of 69549?
9
What is the thousands digit of 8191?
8
What is the hundreds digit of 6652?
6
What is the thousands digit of 2322?
2
What is the hundreds digit of 1238?
2
What is the hundreds digit of 10579?
5
What is the hundreds digit of 622?
6
What is the hundreds digit of 905?
9
What is the hundreds digit of 1453?
4
What is the ten thousands digit of 95081?
9
What is the tens digit of 1404?
0
What is the units digit of 838?
8
What is the tens digit of 3002?
0
What is the hundreds digit of 24950?
9
What is the units digit of 417?
7
What is the thousands digit of 72797?
2
What is the hundreds digit of 70625?
6
What is the thousands digit of 2871?
2
What is the hundreds digit of 1194?
1
What is the hundreds digit of 1273?
2
What is the units digit of 27?
7
What is the hundreds digit of 52504?
5
What is the thousands digit of 3242?
3
What is the units digit of 26317?
7
What is the ten thousands digit of 22197?
2
What is the tens digit of 1045?
4
What is the hundreds digit of 1695?
6
What is the tens digit of 5180?
8
What is the tens digit of 3777?
7
What is the ten thousands digit of 106111?
0
What is the ten thousands digit of 21738?
2
What is the units digit of 20919?
9
What is the tens digit of 73107?
0
What is the tens digit of 18733?
3
What is the tens digit of 40278?
7
What is the tens digit of 476?
7
What is the ten thousands digit of 24941?
2
What is the thousands digit of 1404?
1
What is the thousands digit of 45432?
5
What is the tens digit of 16602?
0
What is the ten thousands digit of 16917?
1
What is the tens digit of 40685?
8
What is the tens digit of 985?
8
What is the hundreds digit of 11372?
3
What is the hundreds digit of 54773?
7
What is the hundreds digit of 12197?
1
What is the thousands digit of 1329?
1
What is the tens digit of 2172?
7
What is the hundreds digit of 14538?
5
What is the units digit of 1909?
9
What is the tens digit of 767?
6
What is the hundreds digit of 1281?
2
What is the hundreds digit of 32527?
5
What is the hundreds digit of 6818?
8
What is the hundreds digit of 4983?
9
What is the hundreds digit of 1153?
1
What is the tens digit of 15465?
6
What is the hundreds digit of 2375?
3
What is the units digit of 111?
1
What is the units digit of 1786?
6
What is the units digit of 2112?
2
What is the tens digit of 119705?
0
What is the units digit of 3939?
9
What is the ten thousands digit of 42461?
4
What is the units digit of 564?
4
What is the tens digit of 18633?
3
What is the hundreds digit of 673?
6
What is the hundreds digit of 49452?
4
What is the ten thousands digit of 48554?
4
What is the tens digit of 50199?
9
What is the units digit of 43730?
0
What is the tens digit of 56579?
7
What is the hundreds digit of 1708?
7
What is the hundreds digit of 2339?
3
What is the thousands digit of 1946?
1
What is the tens digit of 3223?
2
What is the units digit of 6205?
5
What is the tens digit of 620?
2
What is the units digit of 758?
8
What is the hundreds digit of 2222?
2
What is the units digit of 72739?
9
What is the hundreds digit of 4573?
5
What is the units digit of 34456?
6
What is the hundreds digit of 35049?
0
What is the thousands digit of 1221?
1
What is the units digit of 40401?
1
What is the tens digit of 41707?
0
What is the thousands digit of 1546?
1
What is the tens digit of 167?
6
What is the tens d